- 15, g*z + l - 13 = 0. What is the units digit of z?
6
Suppose j - 7*g + 17 = -2*g, 2*j = 4*g - 10. Let r(s) = -4 + j + 2 - 7*s - 2. What is the units digit of r(-1)?
6
Let p = 172 - 85. Let t = p - -35. Suppose -93 = -4*d - 0*d - 3*x, -2*x = -5*d + t. What is the tens digit of d?
2
Suppose 600 = -20*a + 4180. What is the hundreds digit of a?
1
Let q(f) = 11*f**2 + 52 + 0*f**2 + f + 2*f**2 - 37. What is the units digit of q(4)?
7
Let p = -28 + 26. What is the units digit of (1 - 8/1)*p?
4
Suppose 2*x = -x - 123. Let z = x - -96. What is the tens digit of z?
5
Let v(j) = 2*j**2 + 2*j - 29. Suppose 46 = -5*o - 19. What is the tens digit of v(o)?
8
Suppose 0 = 4*a - 5*q - 5233, -15*a + 20*a + q - 6563 = 0. What is the thousands digit of a?
1
Let u be -6*(3 + (-15)/6). Let j be u - (29 - (0 + 0)). What is the units digit of (4/(-8))/(2/j)?
8
Suppose -4*s + 40 = 2*h, -3*h = -2*s - 2*h + 20. Suppose s*w + 3 = 11*w. What is the units digit of 1*w - (-23)/(-23)?
2
Let m(f) = -9*f - 20. Let l be m(-8). Suppose 3*n + n - 20 = 4*h, 0 = n + 3*h - 1. Suppose -2*p - 54 = -2*j - 0*p, j = -n*p + l. What is the units digit of j?
2
Let q(u) = 37*u**2 + 23*u - 86. What is the units digit of q(5)?
4
Let p be -3 + 1/((-3)/(-12)). Let k(g) = -7*g + 23*g**2 + 4*g + g + 1. What is the units digit of k(p)?
2
What is the hundreds digit of (-77250)/(-105) - (-4)/14?
7
Let b = -808 - -1656. What is the units digit of b?
8
Let y(d) = 46*d + 5. Let u(f) = -9*f - 1. Let t(p) = -33*u(p) - 6*y(p). What is the tens digit of t(5)?
0
Suppose 4*n = 5*b + 8*n - 5, -15 = -5*b - 2*n. Suppose -j + 1 + 39 = b*y, -3*j - 3*y + 84 = 0. What is the tens digit of j?
2
Let n = -27 + 28. Let b be -106*(-4)/8*n. Let a = 126 - b. What is the tens digit of a?
7
Let b(s) = s**2 - 7*s - 7. Suppose -2*c + 4*c - 14 = 0. Let z be b(c). Let h = 33 + z. What is the tens digit of h?
2
Let v(a) = a**2 + a. Let l be v(0). Let i(o) be the first derivative of -o**4/4 - o**3/3 + o**2/2 + 58*o + 9. What is the tens digit of i(l)?
5
Let j = -230 - -455. Suppose -9*o = -6*o - j. What is the units digit of o?
5
Suppose 10 = 2*g + v, 5*v + 6 = g + 3*g. Let x = -12 + 13. Suppose -g*m + 19 = -x. What is the units digit of m?
5
Suppose -a + 4*a - 42 = 0. Suppose -24 = y - 21. Let n = a - y. What is the tens digit of n?
1
Let y(o) = 149*o**3 + o**2 - 5*o + 4. Let j be y(1). Suppose 0 = r + 4*z - 97, 3*z - 573 + 54 = -5*r. Let u = j - r. What is the units digit of u?
4
Suppose 3*l - 5*l + 32 = 0. Let z = l - 12. Suppose -3*q - 4*x = -5, z*q + 7 = -x + 31. What is the units digit of q?
7
Let g = 15 - -25. Suppose 4*m - 292 = -3*x, -4*m - 2*x + g + 252 = 0. What is the tens digit of m?
7
Let y(x) = x + 10. Let c be y(-5). What is the tens digit of c + 0 - 2255/(-11)?
1
Let i(a) = a**2 - 14*a + 17. Let s be i(13). Suppose -s*p + 15 = -p. Let h(z) = 2*z**2 - 7*z + 5. What is the tens digit of h(p)?
2
Suppose 5*x = -37 + 7. Let l(q) = -q - 1. Let m be l(x). Suppose 0 = -m*z + 4*z + 16. What is the units digit of z?
6
Suppose 0 = -23*s + 21*s + 58. Suppose -g = -5*p - 67, g - 38 - s = p. What is the tens digit of g?
6
Let l(s) = 7*s**2 - s. Let y be l(-1). Let d(w) = -w + 10. What is the units digit of d(y)?
2
Suppose 2*o + 5*l + 5 = 0, -12 = 3*o - o - 2*l. Let i be (1 + 4 + o)/(-1). Suppose i*w - 6 = -3*w. What is the units digit of w?
2
Let l(n) = 25*n**2 + 4*n - 1. Let c be l(-2). Suppose -4*z = a - 66, 0 = 3*a + 3*z - c - 152. What is the tens digit of a?
8
Suppose 0 = -4*y + 3*q + 186, q + 46 = 3*y - 2*y. Let i = y - -13. What is the tens digit of i?
6
Let u(y) = -y**3 + 8*y**2 - 10*y + 17. Let b be u(7). Let j = b - -8. Suppose 0 = j*r - 4*n - 40, -2*n + n = 3*r - 18. What is the units digit of r?
7
Let x(d) = d**3 + 4*d**2 - 10*d + 7. Let g be x(-6). Let s(j) = j**2 + 5*j + 5. Let t be s(g). Let z(v) = 4*v - 2. What is the units digit of z(t)?
8
Suppose 4*o - 2*o = 8. Suppose 120 = 8*p - o*p. Let a = -21 + p. What is the units digit of a?
9
Let f(m) = -m**3 - 7*m**2 - 22*m - 9. What is the hundreds digit of f(-10)?
5
Suppose -f = -679 - 241. What is the tens digit of f?
2
Let k(b) = b**3 + 7*b**2 + b + 7. Let f be k(-5). Let g = -12 + f. What is the units digit of g?
0
Let y(b) = -b + 5. Let n be y(5). Suppose 0 = 3*j + 3*i, n*i = -j + i. Suppose q + 3*q - 128 = j. What is the tens digit of q?
3
Let h(c) = -2*c + 2. Let p be h(-1). Let t(x) = 17*x - 5. What is the units digit of t(p)?
3
Suppose 0 = 169*z - 160*z - 8415. What is the units digit of z?
5
Let f(j) = 2*j**2 - 10*j + 14. Let g = 13 - 7. What is the tens digit of f(g)?
2
Let p(q) = q**2 - 3*q + 7. Let f be p(2). Suppose 2*n - f*n + 87 = 0. What is the units digit of n?
9
Suppose -4*h = -s - 63, 5*h - 2*s - s = 70. Suppose 0 = 4*u - p + 10, 3*u - p + h = -5*p. Let m = u + 33. What is the tens digit of m?
3
Let w be (12 + 4 - -1) + 1. Let m be w/(((-6)/(-15))/(-1)). Let q = m - -95. What is the tens digit of q?
5
Suppose 3*z = 947 + 1753. What is the units digit of z?
0
Suppose -12 = 2*g - 5*g. Suppose 0 = 4*c - g*k - 316, -5*k + 22 = 2*c - 115. Suppose c = 4*f + f - o, -5*o + 20 = 0. What is the units digit of f?
6
Suppose 5 = 5*s, -5*s - 1533 - 130 = -4*p. What is the units digit of p?
7
Suppose 5*v - 1 = -6. Let a be 156/20 + v/(-5). Suppose 4*j = a*j - 8. What is the units digit of j?
2
What is the hundreds digit of 7/(-5) - (-12 - 286866/90)?
1
Suppose -1061 + 25932 = 17*v. What is the thousands digit of v?
1
Let u be (-38)/247 - (-56)/26. Suppose 0 = 4*r, -3*m = m - u*r - 40. What is the tens digit of m?
1
Suppose -4*f - 2*u - 1392 = 0, -4*u = 4*f - 91 + 1483. Let a = -139 - f. What is the units digit of a?
9
Suppose 3*g - 1729 = -4*g. What is the hundreds digit of 0 + g - 6 - (0 + 1)?
2
Suppose -b + 3*j = 116, -5*b - j - 347 - 169 = 0. Let v = b - -206. What is the units digit of v?
2
Let o = -167 + 115. Let d = -25 - o. Suppose 2*t + d = 87. What is the tens digit of t?
3
Let s = -209 - -293. What is the tens digit of s?
8
Let p be (-3 + 2)*1 + -15. Let t be (-8)/p*(0 + 4). Suppose -3*b + t = -19. What is the units digit of b?
7
Suppose 5*q + 5*h + 20 = 0, -2*h - 5 = 4*q + 1. Let t be (-2)/(q + (-18)/16). What is the tens digit of (-1)/4 - (-420)/t?
2
Let p = -41 + 46. Suppose 5*o + 413 = 3*l, -7 = 3*o + p. What is the tens digit of l?
3
Let r = 2657 + -1865. What is the tens digit of r?
9
Let v(c) = 2*c**2 - 4*c - 2. Let j be v(7). Let q = -2 + 5. Suppose j = l + q*l. What is the units digit of l?
7
Suppose 0 = 4*z - q - q - 934, -q = 4*z - 949. What is the hundreds digit of z?
2
Let b = -56 - -584. What is the tens digit of b?
2
Let t = 6 + 18. Suppose 36*w - t = 40*w. Let c = w - -7. What is the units digit of c?
1
Let g = -102 + 106. Suppose -190 = -3*t + z, -4*t + z - g*z = -275. What is the units digit of t?
5
Let b = 13 - 14. What is the units digit of ((-32)/48)/(86/87 + b)?
8
Let s(m) = -117*m**3 + 2*m**2 + 3*m + 2. Let l = -63 + 62. What is the hundreds digit of s(l)?
1
Let p(y) = 161*y + 15. What is the hundreds digit of p(2)?
3
Let i(j) = j**3 + 11*j**2 + 11*j - 4. Let m(l) = l**2 + 1. Let o(p) = i(p) + m(p). What is the units digit of o(-9)?
1
What is the units digit of (8 + -7 + -14)*-186?
8
Let z(k) = -k**3 - 3*k**2 + 636. What is the units digit of z(0)?
6
Let c = 17 - 1. Suppose 2 = -2*u + c. Suppose u*x = 3*k + 2*x - 117, 129 = 3*k - x. What is the units digit of k?
4
Let j be 1656/(-6)*1/2. Let v = -98 - j. Suppose 0 = 8*n - 7*n - v. What is the tens digit of n?
4
Let z(f) = 19 + 5*f - 4*f - 11*f**2 - f**3 + 2*f**2 + 23*f. What is the hundreds digit of z(-12)?
1
Let m = -1771 + 803. Let t be -33 - 6/(-3) - 2. What is the tens digit of 2/3 + m/t?
3
Let p = 102 + -51. Let v be (-2)/7 + 30/7. Suppose -v*h + p = -h. What is the units digit of h?
7
What is the hundreds digit of -1*2/(-4)*(-3 + 321)?
1
What is the units digit of (20/(-5))/(4*(-4)/1432)?
8
Let c = 1591 + -713. What is the tens digit of c?
7
Let p(w) = 17*w**2 + 28*w - 17. What is the tens digit of p(7)?
1
Suppose -58*u + 76*u = 33642. What is the thousands digit of u?
1
Suppose d - 9 = -3*y + 1, -5*y + 10 = 5*d. Let n be 123*y*(-2)/(-24). Let j = 15 + n. What is the units digit of j?
6
Suppose 4*d - 96 = 4. Let v = d - 21. Suppose 4*l - 4*h - 120 = 0, l + v*h - h - 